{"id":66,"date":"2017-09-11T21:32:09","date_gmt":"2017-09-11T19:32:09","guid":{"rendered":"http:\/\/www.valbus2.com\/?page_id=66"},"modified":"2025-11-20T11:33:56","modified_gmt":"2025-11-20T10:33:56","slug":"nabidka-sluzeb-a-cenik","status":"publish","type":"page","link":"http:\/\/www.valbus2.com\/index.php\/nabidka-sluzeb-a-cenik\/","title":{"rendered":"Nab\u00eddka slu\u017eeb a cen\u00edk"},"content":{"rendered":"<h4 style=\"text-align: center;\">Cen\u00edk slu\u017eeb spole\u010dnosti Valbus 2 s.r.o.:<\/h4>\n<p style=\"text-align: center;\"><em>platn\u00fd od 1.1.2026<\/em><\/p>\n<p><strong><u>p\u0159eprava&nbsp; v celkov\u00e9&nbsp; d\u00e9lce&nbsp; nad 300 km:<\/u><\/strong><\/p>\n<p>37,- K\u010d\/km<\/p>\n<p>65,- K\u010d za ukon\u010denou \u010dtvrthodinu \u010dek\u00e1n\u00ed<\/p>\n<p><strong><u>p\u0159eprava&nbsp; v celkov\u00e9&nbsp; d\u00e9lce&nbsp;&nbsp; 100 \u2013 300 km:<\/u><\/strong><\/p>\n<p>38,- K\u010d\/km<\/p>\n<p>65,- K\u010d za ukon\u010denou \u010dtvrthodinu \u010dek\u00e1n\u00ed<\/p>\n<p><em>U v\u00edcedenn\u00edch z\u00e1jezd\u016f se \u010dek\u00e1n\u00ed \u00fa\u010dtuje pouze mezi 6&nbsp; \u2013 18 hod,&nbsp; pokud se pot\u00e9 (p\u0159edt\u00edm)&nbsp; nejezd\u00ed<\/em><\/p>\n<p><strong>&nbsp;<u>p\u0159eprava v celkov\u00e9&nbsp; d\u00e9lce&nbsp; do 100 km:<\/u><\/strong><\/p>\n<p><strong>\u010casov\u00fd tarif:<\/strong>&nbsp; 225,- K\u010d za 1 \u010dtvrthodinu provozu autobusu bez ohledu na po\u010det ujet\u00fdch km a d\u00e9lky \u010dek\u00e1n\u00ed mezi j\u00edzdami. Minim\u00e1ln\u011b&nbsp; v\u0161ak&nbsp; 2500,- K\u010d.<\/p>\n<p style=\"text-align: center;\"><em>Provoz autobusu se po\u010d\u00edt\u00e1 od v\u00fdjezdu ze stanovi\u0161t\u011b autobusu do okam\u017eiku n\u00e1vratu na stanovi\u0161t\u011b autobusu.<\/em><\/p>\n<p style=\"text-align: center;\"><strong>Ceny jsou uvedeny bez DPH !<\/strong><\/p>\n<p><strong><u>K cen\u011b slu\u017eeb p\u0159epravy se p\u0159ipo\u010d\u00edt\u00e1v\u00e1:<\/u><\/strong><\/p>\n<ul>\n<li>m\u00fdto dle skute\u010dn\u011b ujet\u00fdch km na zpoplatn\u011bn\u00fdch \u00fasec\u00edch komunikac\u00ed<\/li>\n<li>hotov\u00e9 v\u00fddaje souvisej\u00edc\u00ed s p\u0159epravou: parkovn\u00e9,&nbsp; poplatky za pr\u016fjezdy, d\u00e1lni\u010dn\u00ed poplatky, ubytov\u00e1n\u00ed \u0159idi\u010de&nbsp; a v cizin\u011b i stravn\u00e9 \u0159idi\u010de,&nbsp; pokud nen\u00ed poskytnuto objednatelem, apod.<\/li>\n<li>u p\u0159eprav v tuzemsku DPH 12 %<\/li>\n<li>u zahrani\u010dn\u00edch p\u0159eprav p\u0159\u00edslu\u0161n\u00e1 da\u0148 z obratu (A, D, PL, SLO, HR aj.)<\/li>\n<li>\u00faklidov\u00fd p\u0159\u00edplatek 500,- K\u010d denn\u011b &#8211; v p\u0159\u00edpad\u011b nadm\u011brn\u00e9ho zne\u010di\u0161t\u011bn\u00ed interieru autobusu<\/li>\n<li>n\u00e1hrada za 2. \u0159idi\u010de, 2.400,- K\u010d denn\u011b, pokud si to p\u0159eprava vy\u017eaduje dle platn\u00fdch evropsk\u00fdch z\u00e1konn\u00fdch ustanoven\u00ed.<\/li>\n<\/ul>\n<p>&nbsp;<\/p>\n<h4 style=\"text-align: center;\"><strong>Na p\u0159\u00e1n\u00ed z\u00e1kazn\u00edka a p\u0159i sd\u011blen\u00ed podrobn\u00e9ho programu akce je mo\u017eno p\u0159edem zkalkulovat&nbsp; celkovou smluvn\u00ed cenu zak\u00e1zky<\/strong><\/h4>\n<p>&nbsp;<br \/>\nVyzkou\u0161ejte <a href=\"http:\/\/www.valbus2.com\/index.php\/poptavkovy-formular\/\">Popt\u00e1vkov\u00fd formul\u00e1\u0159<\/a> nebo vyu\u017eijte e-mailovou adresu.<br \/>\n&nbsp;<\/p>\n<h4>Smluvn\u00ed p\u0159epravn\u00ed podm\u00ednky pro HROMADNOU P\u0158EPRAVU D\u011aT\u00cd DO 15 LET<\/h4>\n<ul>\n<li>B\u011bhem p\u0159epravy jsou d\u011bti p\u0159ipout\u00e1ny bezpe\u010dnostn\u00edm p\u00e1sem dle \u00a7 9, odst. 1. p\u00edsm a) Z\u00e1kona \u010d. 361\/2000 Sb. O provozu na pozemn\u00edch komunikac\u00edch<\/li>\n<li>Odpov\u011bdnost za p\u0159ipout\u00e1n\u00ed d\u011bt\u00ed bezpe\u010dnostn\u00edmi p\u00e1sy b\u011bhem p\u0159epravy nese doprov\u00e1zej\u00edc\u00ed pedagogick\u00fd dozor<\/li>\n<li>Osoba doprov\u00e1zej\u00edc\u00edho pedagogick\u00e9ho dozoru sed\u00ed v <strong>zadn\u00ed \u010d\u00e1sti autobusu<\/strong> a dohl\u00ed\u017e\u00ed na to aby d\u011bti:<br \/>\n&#8211; byly p\u0159ipout\u00e1ny bezp.p\u00e1sem<br \/>\n&#8211; nezne\u010di\u0161\u0165ovaly nadm\u011brn\u011b interier autobusu<br \/>\n&#8211; nepo\u0161kozovaly vnit\u0159n\u00ed za\u0159\u00edzen\u00ed autobusu<\/li>\n<li>Konzumace potravin v autobusu v\u010detn\u011b cukrovinek je zpoplatn\u011bna smluvn\u00edm poplatkem 500,-K\u010d denn\u011b jako \u00fahrada zv\u00fd\u0161en\u00fdch n\u00e1klad\u016f na \u00faklid vozidla<\/li>\n<li>U McDonaldu nezastavujeme<\/li>\n<\/ul>\n<p>&nbsp;<br \/>\nSmluvn\u00ed p\u0159epravn\u00ed podm\u00ednky pro HROMADNOU P\u0158EPRAVU D\u011aT\u00cd DO 15 LET <a href=\"http:\/\/www.valbus2.com\/wp-content\/uploads\/2025\/11\/valbus2sro-hromadna-preprava-deti-smluvni-prepravni-podminky.pdf\" target=\"_blank\" rel=\"noopener\">ke sta\u017een\u00ed<\/a><\/p>\n","protected":false},"excerpt":{"rendered":"<p>Cen\u00edk slu\u017eeb spole\u010dnosti Valbus 2 s.r.o.: platn\u00fd od 1.1.2026 p\u0159eprava&nbsp; v celkov\u00e9&nbsp; d\u00e9lce&nbsp; nad 300 km: 37,- K\u010d\/km 65,- K\u010d za ukon\u010denou \u010dtvrthodinu \u010dek\u00e1n\u00ed p\u0159eprava&nbsp; v celkov\u00e9&nbsp; d\u00e9lce&nbsp;&nbsp; 100 \u2013 300 km: 38,- K\u010d\/km 65,- K\u010d za ukon\u010denou \u010dtvrthodinu \u010dek\u00e1n\u00ed<\/p>\n","protected":false},"author":1,"featured_media":0,"parent":0,"menu_order":0,"comment_status":"closed","ping_status":"closed","template":"","meta":{"footnotes":""},"class_list":["post-66","page","type-page","status-publish","hentry"],"_links":{"self":[{"href":"http:\/\/www.valbus2.com\/index.php\/wp-json\/wp\/v2\/pages\/66","targetHints":{"allow":["GET"]}}],"collection":[{"href":"http:\/\/www.valbus2.com\/index.php\/wp-json\/wp\/v2\/pages"}],"about":[{"href":"http:\/\/www.valbus2.com\/index.php\/wp-json\/wp\/v2\/types\/page"}],"author":[{"embeddable":true,"href":"http:\/\/www.valbus2.com\/index.php\/wp-json\/wp\/v2\/users\/1"}],"replies":[{"embeddable":true,"href":"http:\/\/www.valbus2.com\/index.php\/wp-json\/wp\/v2\/comments?post=66"}],"version-history":[{"count":0,"href":"http:\/\/www.valbus2.com\/index.php\/wp-json\/wp\/v2\/pages\/66\/revisions"}],"wp:attachment":[{"href":"http:\/\/www.valbus2.com\/index.php\/wp-json\/wp\/v2\/media?parent=66"}],"curies":[{"name":"wp","href":"https:\/\/api.w.org\/{rel}","templated":true}]}}

Nabídka služeb a ceník

<h4 style="text-align: center;">Ceník služeb společnosti Valbus 2 s.r.o.:</h4>
<p style="text-align: center;"><em>platný od 1.1.2026</em></p>
<p><strong><u>přeprava&nbsp; v celkové&nbsp; délce&nbsp; nad 300 km:</u></strong></p>
<p>37,- Kč/km</p>
<p>65,- Kč za ukončenou čtvrthodinu čekání</p>
<p><strong><u>přeprava&nbsp; v celkové&nbsp; délce&nbsp;&nbsp; 100 – 300 km:</u></strong></p>
<p>38,- Kč/km</p>
<p>65,- Kč za ukončenou čtvrthodinu čekání</p>
<p><em>U vícedenních zájezdů se čekání účtuje pouze mezi 6&nbsp; – 18 hod,&nbsp; pokud se poté (předtím)&nbsp; nejezdí</em></p>
<p><strong>&nbsp;<u>přeprava v celkové&nbsp; délce&nbsp; do 100 km:</u></strong></p>
<p><strong>Časový tarif:</strong>&nbsp; 225,- Kč za 1 čtvrthodinu provozu autobusu bez ohledu na počet ujetých km a délky čekání mezi jízdami. Minimálně&nbsp; však&nbsp; 2500,- Kč.</p>
<p style="text-align: center;"><em>Provoz autobusu se počítá od výjezdu ze stanoviště autobusu do okamžiku návratu na stanoviště autobusu.</em></p>
<p style="text-align: center;"><strong>Ceny jsou uvedeny bez DPH !</strong></p>
<p><strong><u>K ceně služeb přepravy se připočítává:</u></strong></p>
<ul>
<li>mýto dle skutečně ujetých km na zpoplatněných úsecích komunikací</li>
<li>hotové výdaje související s přepravou: parkovné,&nbsp; poplatky za průjezdy, dálniční poplatky, ubytování řidiče&nbsp; a v cizině i stravné řidiče,&nbsp; pokud není poskytnuto objednatelem, apod.</li>
<li>u přeprav v tuzemsku DPH 12 %</li>
<li>u zahraničních přeprav příslušná daň z obratu (A, D, PL, SLO, HR aj.)</li>
<li>úklidový příplatek 500,- Kč denně &#8211; v případě nadměrného znečištění interieru autobusu</li>
<li>náhrada za 2. řidiče, 2.400,- Kč denně, pokud si to přeprava vyžaduje dle platných evropských zákonných ustanovení.</li>
</ul>
<p>&nbsp;</p>
<h4 style="text-align: center;"><strong>Na přání zákazníka a při sdělení podrobného programu akce je možno předem zkalkulovat&nbsp; celkovou smluvní cenu zakázky</strong></h4>
<p>&nbsp;<br />
Vyzkoušejte <a href="http://www.valbus2.com/index.php/poptavkovy-formular/">Poptávkový formulář</a> nebo využijte e-mailovou adresu.<br />
&nbsp;</p>
<h4>Smluvní přepravní podmínky pro HROMADNOU PŘEPRAVU DĚTÍ DO 15 LET</h4>
<ul>
<li>Během přepravy jsou děti připoutány bezpečnostním pásem dle § 9, odst. 1. písm a) Zákona č. 361/2000 Sb. O provozu na pozemních komunikacích</li>
<li>Odpovědnost za připoutání dětí bezpečnostními pásy během přepravy nese doprovázející pedagogický dozor</li>
<li>Osoba doprovázejícího pedagogického dozoru sedí v <strong>zadní části autobusu</strong> a dohlíží na to aby děti:<br />
&#8211; byly připoutány bezp.pásem<br />
&#8211; neznečišťovaly nadměrně interier autobusu<br />
&#8211; nepoškozovaly vnitřní zařízení autobusu</li>
<li>Konzumace potravin v autobusu včetně cukrovinek je zpoplatněna smluvním poplatkem 500,-Kč denně jako úhrada zvýšených nákladů na úklid vozidla</li>
<li>U McDonaldu nezastavujeme</li>
</ul>
<p>&nbsp;<br />
Smluvní přepravní podmínky pro HROMADNOU PŘEPRAVU DĚTÍ DO 15 LET <a href="http://www.valbus2.com/wp-content/uploads/2025/11/valbus2sro-hromadna-preprava-deti-smluvni-prepravni-podminky.pdf" target="_blank" rel="noopener">ke stažení</a></p>

<p>Ceník služeb společnosti Valbus 2 s.r.o.: platný od 1.1.2026 přeprava&nbsp; v celkové&nbsp; délce&nbsp; nad 300 km: 37,- Kč/km 65,- Kč za ukončenou čtvrthodinu čekání přeprava&nbsp; v celkové&nbsp; délce&nbsp;&nbsp; 100 – 300 km: 38,- Kč/km 65,- Kč za ukončenou čtvrthodinu čekání</p>
