{"id":35,"date":"2017-09-11T19:23:03","date_gmt":"2017-09-11T17:23:03","guid":{"rendered":"http:\/\/valbus2.com\/?page_id=35"},"modified":"2025-11-20T11:35:20","modified_gmt":"2025-11-20T10:35:20","slug":"contact","status":"publish","type":"page","link":"http:\/\/www.valbus2.com\/index.php\/contact\/","title":{"rendered":"Kontakt"},"content":{"rendered":"<table style=\"color: black;\">\n<tbody>\n<tr>\n<th style=\"text-align: left;\" colspan=\"2\">\u00dadaje o firm\u011b<\/th>\n<\/tr>\n<tr>\n<th style=\"text-align: left;\" colspan=\"2\">Kontaktn\u00ed osoba:<br \/>\nIng. Petr Martinec<\/th>\n<\/tr>\n<tr>\n<td>Adresa<br \/>\nValbus 2 s.r.o.<br \/>\nNa Mlyn\u00e1\u0159ce 513\/5<br \/>\nVala\u0161sk\u00e9 Mezi\u0159\u00ed\u010d\u00ed<br \/>\n757 01<\/td>\n<td>I\u010cO 25875612<br \/>\nDI\u010c: CZ25875612<\/td>\n<\/tr>\n<tr>\n<td>Telefon<br \/>\n+420 776730833<br \/>\n&#8212;<br \/>\nEmail<br \/>\ninfo@valbus2.com<\/td>\n<td>Zaps\u00e1no v OR u rejst\u0159\u00edkov\u00e9ho<br \/>\nsoudu v Ostrav\u011b, odd\u00edl C,<br \/>\nvlo\u017eka 23853<\/td>\n<\/tr>\n<\/tbody>\n<\/table>\n","protected":false},"excerpt":{"rendered":"<p>\u00dadaje o firm\u011b Kontaktn\u00ed osoba: Ing. Petr Martinec Adresa Valbus 2 s.r.o. Na Mlyn\u00e1\u0159ce 513\/5 Vala\u0161sk\u00e9 Mezi\u0159\u00ed\u010d\u00ed 757 01 I\u010cO 25875612 DI\u010c: CZ25875612 Telefon +420 776730833 &#8212; Email info@valbus2.com Zaps\u00e1no v OR u rejst\u0159\u00edkov\u00e9ho soudu v Ostrav\u011b, odd\u00edl C, vlo\u017eka<\/p>\n","protected":false},"author":1,"featured_media":0,"parent":0,"menu_order":0,"comment_status":"closed","ping_status":"closed","template":"page-templates\/contact.php","meta":{"footnotes":""},"class_list":["post-35","page","type-page","status-publish","hentry"],"_links":{"self":[{"href":"http:\/\/www.valbus2.com\/index.php\/wp-json\/wp\/v2\/pages\/35","targetHints":{"allow":["GET"]}}],"collection":[{"href":"http:\/\/www.valbus2.com\/index.php\/wp-json\/wp\/v2\/pages"}],"about":[{"href":"http:\/\/www.valbus2.com\/index.php\/wp-json\/wp\/v2\/types\/page"}],"author":[{"embeddable":true,"href":"http:\/\/www.valbus2.com\/index.php\/wp-json\/wp\/v2\/users\/1"}],"replies":[{"embeddable":true,"href":"http:\/\/www.valbus2.com\/index.php\/wp-json\/wp\/v2\/comments?post=35"}],"version-history":[{"count":0,"href":"http:\/\/www.valbus2.com\/index.php\/wp-json\/wp\/v2\/pages\/35\/revisions"}],"wp:attachment":[{"href":"http:\/\/www.valbus2.com\/index.php\/wp-json\/wp\/v2\/media?parent=35"}],"curies":[{"name":"wp","href":"https:\/\/api.w.org\/{rel}","templated":true}]}}